{"id":368,"date":"2024-07-09T08:51:45","date_gmt":"2024-07-09T06:51:45","guid":{"rendered":"https:\/\/lalibelapatisserie.com\/?page_id=368"},"modified":"2024-07-09T12:43:05","modified_gmt":"2024-07-09T10:43:05","slug":"mentions-legales","status":"publish","type":"page","link":"https:\/\/lalibelapatisserie.com\/index.php\/mentions-legales\/","title":{"rendered":"Mentions l\u00e9gales"},"content":{"rendered":"<p>[et_pb_section fb_built=\u00a0\u00bb1&Prime; custom_padding_last_edited=\u00a0\u00bbon|phone\u00a0\u00bb _builder_version=\u00a0\u00bb4.26.0&Prime; _module_preset=\u00a0\u00bbdefault\u00a0\u00bb custom_padding=\u00a0\u00bb0px||0px||true|false\u00a0\u00bb custom_padding_tablet=\u00a0\u00bb0px||0px||true|false\u00a0\u00bb custom_padding_phone=\u00a0\u00bb0px||0px||true|false\u00a0\u00bb hover_enabled=\u00a0\u00bb0&Prime; global_colors_info=\u00a0\u00bb{}\u00a0\u00bb background_color=\u00a0\u00bb#E7DDD1&Prime; sticky_enabled=\u00a0\u00bb0&Prime;][et_pb_row column_structure=\u00a0\u00bb1_3,2_3&Prime; make_equal=\u00a0\u00bbon\u00a0\u00bb module_id=\u00a0\u00bbheader\u00a0\u00bb module_class=\u00a0\u00bbheader\u00a0\u00bb _builder_version=\u00a0\u00bb4.26.0&Prime; _module_preset=\u00a0\u00bbdefault\u00a0\u00bb width=\u00a0\u00bb100%\u00a0\u00bb width_tablet=\u00a0\u00bb100%\u00a0\u00bb width_phone=\u00a0\u00bb80%\u00a0\u00bb width_last_edited=\u00a0\u00bbon|tablet\u00a0\u00bb max_width=\u00a0\u00bb2560px\u00a0\u00bb custom_margin=\u00a0\u00bb0px||||false|false\u00a0\u00bb custom_padding=\u00a0\u00bb10px|55px|10px|55px|true|true\u00a0\u00bb locked=\u00a0\u00bboff\u00a0\u00bb global_colors_info=\u00a0\u00bb{}\u00a0\u00bb][et_pb_column type=\u00a0\u00bb1_3&Prime; _builder_version=\u00a0\u00bb4.25.1&Prime; _module_preset=\u00a0\u00bbdefault\u00a0\u00bb pac_dcm_carousel_specific_module_num=\u00a0\u00bb0&Prime; global_colors_info=\u00a0\u00bb{}\u00a0\u00bb][et_pb_image src=\u00a0\u00bbhttps:\/\/lalibelapatisserie.com\/wp-content\/uploads\/2024\/06\/logo-LAIBELA-long-teracotta.png\u00a0\u00bb title_text=\u00a0\u00bblogo-LAIBELA-long-teracotta\u00a0\u00bb url=\u00a0\u00bbhttps:\/\/lalibelapatisserie.com\/\u00a0\u00bb align_tablet=\u00a0\u00bbcenter\u00a0\u00bb align_phone=\u00a0\u00bbcenter\u00a0\u00bb align_last_edited=\u00a0\u00bbon|tablet\u00a0\u00bb _builder_version=\u00a0\u00bb4.26.0&Prime; _module_preset=\u00a0\u00bbdefault\u00a0\u00bb width=\u00a0\u00bb20%\u00a0\u00bb width_tablet=\u00a0\u00bb12%\u00a0\u00bb width_phone=\u00a0\u00bb30%\u00a0\u00bb width_last_edited=\u00a0\u00bbon|tablet\u00a0\u00bb max_width_tablet=\u00a0\u00bb\u00a0\u00bb max_width_phone=\u00a0\u00bb30%\u00a0\u00bb max_width_last_edited=\u00a0\u00bbon|phone\u00a0\u00bb custom_margin_tablet=\u00a0\u00bb10px||||false|false\u00a0\u00bb custom_margin_phone=\u00a0\u00bb10px||||false|false\u00a0\u00bb custom_margin_last_edited=\u00a0\u00bbon|tablet\u00a0\u00bb global_colors_info=\u00a0\u00bb{}\u00a0\u00bb custom_margin__hover_enabled=\u00a0\u00bboff|desktop\u00a0\u00bb][\/et_pb_image][\/et_pb_column][et_pb_column type=\u00a0\u00bb2_3&Prime; _builder_version=\u00a0\u00bb4.25.1&Prime; _module_preset=\u00a0\u00bbdefault\u00a0\u00bb pac_dcm_carousel_specific_module_num=\u00a0\u00bb0&Prime; global_colors_info=\u00a0\u00bb{}\u00a0\u00bb][et_pb_menu menu_id=\u00a0\u00bb4&Prime; menu_style=\u00a0\u00bbcentered\u00a0\u00bb active_link_color=\u00a0\u00bb#A3614E\u00a0\u00bb dropdown_menu_bg_color=\u00a0\u00bb#E7DDD1&Prime; dropdown_menu_line_color=\u00a0\u00bb#77775A\u00a0\u00bb dropdown_menu_text_color=\u00a0\u00bb#A3614E\u00a0\u00bb dropdown_menu_active_link_color=\u00a0\u00bb#A3614E\u00a0\u00bb mobile_menu_text_color=\u00a0\u00bb#A3614E\u00a0\u00bb menu_icon_color=\u00a0\u00bb#A3614E\u00a0\u00bb menu_icon_font_size=\u00a0\u00bb30px\u00a0\u00bb _builder_version=\u00a0\u00bb4.26.0&Prime; _module_preset=\u00a0\u00bbdefault\u00a0\u00bb menu_font=\u00a0\u00bbLouis George-Cafe|500||on|||||\u00a0\u00bb menu_text_color=\u00a0\u00bb#332F29&Prime; menu_font_size=\u00a0\u00bb13px\u00a0\u00bb background_enable_color=\u00a0\u00bboff\u00a0\u00bb width=\u00a0\u00bb55%\u00a0\u00bb width_tablet=\u00a0\u00bb25%\u00a0\u00bb width_phone=\u00a0\u00bb25%\u00a0\u00bb width_last_edited=\u00a0\u00bbon|tablet\u00a0\u00bb module_alignment=\u00a0\u00bbright\u00a0\u00bb custom_margin_tablet=\u00a0\u00bb-15px||||false|false\u00a0\u00bb custom_margin_phone=\u00a0\u00bb-15px||||false|false\u00a0\u00bb custom_margin_last_edited=\u00a0\u00bbon|tablet\u00a0\u00bb module_alignment_tablet=\u00a0\u00bbcenter\u00a0\u00bb module_alignment_phone=\u00a0\u00bbcenter\u00a0\u00bb module_alignment_last_edited=\u00a0\u00bbon|tablet\u00a0\u00bb global_colors_info=\u00a0\u00bb{}\u00a0\u00bb][\/et_pb_menu][\/et_pb_column][\/et_pb_row][\/et_pb_section][et_pb_section fb_built=\u00a0\u00bb1&Prime; custom_padding_last_edited=\u00a0\u00bbon|phone\u00a0\u00bb _builder_version=\u00a0\u00bb4.26.0&Prime; _module_preset=\u00a0\u00bbdefault\u00a0\u00bb custom_padding=\u00a0\u00bb120px||120px||true|false\u00a0\u00bb custom_padding_tablet=\u00a0\u00bb120px||120px||true|false\u00a0\u00bb custom_padding_phone=\u00a0\u00bb80px||80px||true|false\u00a0\u00bb hover_enabled=\u00a0\u00bb0&Prime; global_colors_info=\u00a0\u00bb{}\u00a0\u00bb background_color=\u00a0\u00bb#E7DDD1&Prime; sticky_enabled=\u00a0\u00bb0&Prime;][et_pb_row _builder_version=\u00a0\u00bb4.26.0&Prime; _module_preset=\u00a0\u00bbdefault\u00a0\u00bb custom_padding=\u00a0\u00bb0px||0px||false|false\u00a0\u00bb global_colors_info=\u00a0\u00bb{}\u00a0\u00bb][et_pb_column type=\u00a0\u00bb4_4&Prime; _builder_version=\u00a0\u00bb4.26.0&Prime; _module_preset=\u00a0\u00bbdefault\u00a0\u00bb pac_dcm_carousel_specific_module_num=\u00a0\u00bb0&Prime; global_colors_info=\u00a0\u00bb{}\u00a0\u00bb][et_pb_text _builder_version=\u00a0\u00bb4.26.0&Prime; _module_preset=\u00a0\u00bbdefault\u00a0\u00bb header_font=\u00a0\u00bbReswysokr||||||||\u00a0\u00bb header_text_align=\u00a0\u00bbcenter\u00a0\u00bb header_text_color=\u00a0\u00bb#332F29&Prime; header_font_size=\u00a0\u00bb50px\u00a0\u00bb header_2_font=\u00a0\u00bbReswysokr||||||||\u00a0\u00bb header_2_text_align=\u00a0\u00bbleft\u00a0\u00bb header_2_text_color=\u00a0\u00bb#E7DDD1&Prime; custom_margin=\u00a0\u00bb0px||5px||false|false\u00a0\u00bb custom_padding=\u00a0\u00bb0px||0px||true|false\u00a0\u00bb header_font_size_tablet=\u00a0\u00bb50px\u00a0\u00bb header_font_size_phone=\u00a0\u00bb40px\u00a0\u00bb header_font_size_last_edited=\u00a0\u00bbon|phone\u00a0\u00bb header_2_text_align_tablet=\u00a0\u00bbleft\u00a0\u00bb header_2_text_align_phone=\u00a0\u00bbcenter\u00a0\u00bb header_2_text_align_last_edited=\u00a0\u00bbon|phone\u00a0\u00bb header_2_font_size_tablet=\u00a0\u00bb\u00a0\u00bb header_2_font_size_phone=\u00a0\u00bb24px\u00a0\u00bb header_2_font_size_last_edited=\u00a0\u00bbon|phone\u00a0\u00bb locked=\u00a0\u00bboff\u00a0\u00bb global_colors_info=\u00a0\u00bb{}\u00a0\u00bb]<\/p>\n<h1><span>Mentions l\u00e9gales<\/span><\/h1>\n<p>[\/et_pb_text][et_pb_text _builder_version=\u00a0\u00bb4.26.0&Prime; _module_preset=\u00a0\u00bbdefault\u00a0\u00bb text_font=\u00a0\u00bbLouis George-Cafe||||||||\u00a0\u00bb text_text_color=\u00a0\u00bb#332F29&Prime; text_font_size=\u00a0\u00bb15px\u00a0\u00bb header_2_font=\u00a0\u00bbReswysokr||||||||\u00a0\u00bb header_2_text_align=\u00a0\u00bbcenter\u00a0\u00bb header_2_text_color=\u00a0\u00bb#A3614E\u00a0\u00bb header_2_font_size=\u00a0\u00bb20px\u00a0\u00bb text_orientation=\u00a0\u00bbcenter\u00a0\u00bb custom_margin=\u00a0\u00bb65px||0px||false|false\u00a0\u00bb animation_style=\u00a0\u00bbslide\u00a0\u00bb animation_direction=\u00a0\u00bbbottom\u00a0\u00bb animation_intensity_slide=\u00a0\u00bb10%\u00a0\u00bb text_font_size_tablet=\u00a0\u00bb15px\u00a0\u00bb text_font_size_phone=\u00a0\u00bb14px\u00a0\u00bb text_font_size_last_edited=\u00a0\u00bbon|phone\u00a0\u00bb locked=\u00a0\u00bboff\u00a0\u00bb global_colors_info=\u00a0\u00bb{}\u00a0\u00bb]<\/p>\n<h2><b>\u00c9dition du site Internet<\/b><\/h2>\n<p><strong>Propri\u00e9taire du site<span>\u00a0<\/span><\/strong>:<br \/>Lalibela<br \/><span>patisseriemaelfabre@gmail.com<\/span><br \/>82 avenue Jean-Jaur\u00e8s 69007 Lyon<\/p>\n<p><strong>Identification de l\u2019entreprise<span>\u00a0<\/span><\/strong>:<br \/>Lalibela<br \/><span>SIRET n\u00b091748800900015<br \/><\/span>82 avenue Jean-Jaur\u00e8s 69007 Lyon<\/p>\n<p><strong>Directeur de la publication<span>\u00a0<\/span><\/strong>:<br \/>Mael Fabre<br \/><span>patisseriemaelfabre@gmail.com<\/span><\/p>\n<p>&nbsp;<\/p>\n<p><span><\/span><\/p>\n<h2><b>H\u00e9bergeur du site Internet<\/b><\/h2>\n<div class=\"QpPSMb\">\n<div class=\"DoxwDb\">\n<div class=\"PZPZlf ssJ7i B5dxMb\" aria-level=\"2\" data-attrid=\"title\" role=\"heading\">\n<p>Hostinger International LTD<br \/>support@hostinger.com<br \/>61 Lordou Vironos Street, 6023 Larnaca, Chypre<\/p>\n<\/div>\n<\/div>\n<\/div>\n<p>[\/et_pb_text][\/et_pb_column][\/et_pb_row][\/et_pb_section]<\/p>\n","protected":false},"excerpt":{"rendered":"<p>Mentions l\u00e9gales\u00c9dition du site Internet Propri\u00e9taire du site\u00a0:Lalibelapatisseriemaelfabre@gmail.com82 avenue Jean-Jaur\u00e8s 69007 Lyon Identification de l\u2019entreprise\u00a0:LalibelaSIRET n\u00b09174880090001582 avenue Jean-Jaur\u00e8s 69007 Lyon Directeur de la publication\u00a0:Mael Fabrepatisseriemaelfabre@gmail.com &nbsp; H\u00e9bergeur du site Internet Hostinger International LTDsupport@hostinger.com61 Lordou Vironos Street, 6023 Larnaca, Chypre<\/p>\n","protected":false},"author":2,"featured_media":0,"parent":0,"menu_order":0,"comment_status":"closed","ping_status":"closed","template":"","meta":{"_et_pb_use_builder":"on","_et_pb_old_content":"<!-- wp:divi\/placeholder \/-->","_et_gb_content_width":"","footnotes":""},"class_list":["post-368","page","type-page","status-publish","hentry"],"yoast_head":"<!-- This site is optimized with the Yoast SEO plugin v24.2 - https:\/\/yoast.com\/wordpress\/plugins\/seo\/ -->\n<title>Mentions l\u00e9gales - Lalibela p\u00e2tisserie chocolaterie artisanale Lyon<\/title>\n<meta name=\"robots\" content=\"index, follow, max-snippet:-1, max-image-preview:large, max-video-preview:-1\" \/>\n<link rel=\"canonical\" href=\"https:\/\/lalibelapatisserie.com\/index.php\/mentions-legales\/\" \/>\n<meta property=\"og:locale\" content=\"fr_FR\" \/>\n<meta property=\"og:type\" content=\"article\" \/>\n<meta property=\"og:title\" content=\"Mentions l\u00e9gales - Lalibela p\u00e2tisserie chocolaterie artisanale Lyon\" \/>\n<meta property=\"og:description\" content=\"Mentions l\u00e9gales\u00c9dition du site Internet Propri\u00e9taire du site\u00a0:Lalibelapatisseriemaelfabre@gmail.com82 avenue Jean-Jaur\u00e8s 69007 Lyon Identification de l\u2019entreprise\u00a0:LalibelaSIRET n\u00b09174880090001582 avenue Jean-Jaur\u00e8s 69007 Lyon Directeur de la publication\u00a0:Mael Fabrepatisseriemaelfabre@gmail.com &nbsp; H\u00e9bergeur du site Internet Hostinger International LTDsupport@hostinger.com61 Lordou Vironos Street, 6023 Larnaca, Chypre\" \/>\n<meta property=\"og:url\" content=\"https:\/\/lalibelapatisserie.com\/index.php\/mentions-legales\/\" \/>\n<meta property=\"og:site_name\" content=\"Lalibela p\u00e2tisserie chocolaterie artisanale Lyon\" \/>\n<meta property=\"article:modified_time\" content=\"2024-07-09T10:43:05+00:00\" \/>\n<meta name=\"twitter:card\" content=\"summary_large_image\" \/>\n<script type=\"application\/ld+json\" class=\"yoast-schema-graph\">{\"@context\":\"https:\/\/schema.org\",\"@graph\":[{\"@type\":\"WebPage\",\"@id\":\"https:\/\/lalibelapatisserie.com\/index.php\/mentions-legales\/\",\"url\":\"https:\/\/lalibelapatisserie.com\/index.php\/mentions-legales\/\",\"name\":\"Mentions l\u00e9gales - Lalibela p\u00e2tisserie chocolaterie artisanale Lyon\",\"isPartOf\":{\"@id\":\"https:\/\/lalibelapatisserie.com\/#website\"},\"datePublished\":\"2024-07-09T06:51:45+00:00\",\"dateModified\":\"2024-07-09T10:43:05+00:00\",\"breadcrumb\":{\"@id\":\"https:\/\/lalibelapatisserie.com\/index.php\/mentions-legales\/#breadcrumb\"},\"inLanguage\":\"fr-FR\",\"potentialAction\":[{\"@type\":\"ReadAction\",\"target\":[\"https:\/\/lalibelapatisserie.com\/index.php\/mentions-legales\/\"]}]},{\"@type\":\"BreadcrumbList\",\"@id\":\"https:\/\/lalibelapatisserie.com\/index.php\/mentions-legales\/#breadcrumb\",\"itemListElement\":[{\"@type\":\"ListItem\",\"position\":1,\"name\":\"Accueil\",\"item\":\"https:\/\/lalibelapatisserie.com\/\"},{\"@type\":\"ListItem\",\"position\":2,\"name\":\"Mentions l\u00e9gales\"}]},{\"@type\":\"WebSite\",\"@id\":\"https:\/\/lalibelapatisserie.com\/#website\",\"url\":\"https:\/\/lalibelapatisserie.com\/\",\"name\":\"Lalibela p\u00e2tisserie Lyon\",\"description\":\"\",\"potentialAction\":[{\"@type\":\"SearchAction\",\"target\":{\"@type\":\"EntryPoint\",\"urlTemplate\":\"https:\/\/lalibelapatisserie.com\/?s={search_term_string}\"},\"query-input\":{\"@type\":\"PropertyValueSpecification\",\"valueRequired\":true,\"valueName\":\"search_term_string\"}}],\"inLanguage\":\"fr-FR\"}]}<\/script>\n<!-- \/ Yoast SEO plugin. -->","yoast_head_json":{"title":"Mentions l\u00e9gales - Lalibela p\u00e2tisserie chocolaterie artisanale Lyon","robots":{"index":"index","follow":"follow","max-snippet":"max-snippet:-1","max-image-preview":"max-image-preview:large","max-video-preview":"max-video-preview:-1"},"canonical":"https:\/\/lalibelapatisserie.com\/index.php\/mentions-legales\/","og_locale":"fr_FR","og_type":"article","og_title":"Mentions l\u00e9gales - Lalibela p\u00e2tisserie chocolaterie artisanale Lyon","og_description":"Mentions l\u00e9gales\u00c9dition du site Internet Propri\u00e9taire du site\u00a0:Lalibelapatisseriemaelfabre@gmail.com82 avenue Jean-Jaur\u00e8s 69007 Lyon Identification de l\u2019entreprise\u00a0:LalibelaSIRET n\u00b09174880090001582 avenue Jean-Jaur\u00e8s 69007 Lyon Directeur de la publication\u00a0:Mael Fabrepatisseriemaelfabre@gmail.com &nbsp; H\u00e9bergeur du site Internet Hostinger International LTDsupport@hostinger.com61 Lordou Vironos Street, 6023 Larnaca, Chypre","og_url":"https:\/\/lalibelapatisserie.com\/index.php\/mentions-legales\/","og_site_name":"Lalibela p\u00e2tisserie chocolaterie artisanale Lyon","article_modified_time":"2024-07-09T10:43:05+00:00","twitter_card":"summary_large_image","schema":{"@context":"https:\/\/schema.org","@graph":[{"@type":"WebPage","@id":"https:\/\/lalibelapatisserie.com\/index.php\/mentions-legales\/","url":"https:\/\/lalibelapatisserie.com\/index.php\/mentions-legales\/","name":"Mentions l\u00e9gales - Lalibela p\u00e2tisserie chocolaterie artisanale Lyon","isPartOf":{"@id":"https:\/\/lalibelapatisserie.com\/#website"},"datePublished":"2024-07-09T06:51:45+00:00","dateModified":"2024-07-09T10:43:05+00:00","breadcrumb":{"@id":"https:\/\/lalibelapatisserie.com\/index.php\/mentions-legales\/#breadcrumb"},"inLanguage":"fr-FR","potentialAction":[{"@type":"ReadAction","target":["https:\/\/lalibelapatisserie.com\/index.php\/mentions-legales\/"]}]},{"@type":"BreadcrumbList","@id":"https:\/\/lalibelapatisserie.com\/index.php\/mentions-legales\/#breadcrumb","itemListElement":[{"@type":"ListItem","position":1,"name":"Accueil","item":"https:\/\/lalibelapatisserie.com\/"},{"@type":"ListItem","position":2,"name":"Mentions l\u00e9gales"}]},{"@type":"WebSite","@id":"https:\/\/lalibelapatisserie.com\/#website","url":"https:\/\/lalibelapatisserie.com\/","name":"Lalibela p\u00e2tisserie Lyon","description":"","potentialAction":[{"@type":"SearchAction","target":{"@type":"EntryPoint","urlTemplate":"https:\/\/lalibelapatisserie.com\/?s={search_term_string}"},"query-input":{"@type":"PropertyValueSpecification","valueRequired":true,"valueName":"search_term_string"}}],"inLanguage":"fr-FR"}]}},"_links":{"self":[{"href":"https:\/\/lalibelapatisserie.com\/index.php\/wp-json\/wp\/v2\/pages\/368","targetHints":{"allow":["GET"]}}],"collection":[{"href":"https:\/\/lalibelapatisserie.com\/index.php\/wp-json\/wp\/v2\/pages"}],"about":[{"href":"https:\/\/lalibelapatisserie.com\/index.php\/wp-json\/wp\/v2\/types\/page"}],"author":[{"embeddable":true,"href":"https:\/\/lalibelapatisserie.com\/index.php\/wp-json\/wp\/v2\/users\/2"}],"replies":[{"embeddable":true,"href":"https:\/\/lalibelapatisserie.com\/index.php\/wp-json\/wp\/v2\/comments?post=368"}],"version-history":[{"count":6,"href":"https:\/\/lalibelapatisserie.com\/index.php\/wp-json\/wp\/v2\/pages\/368\/revisions"}],"predecessor-version":[{"id":411,"href":"https:\/\/lalibelapatisserie.com\/index.php\/wp-json\/wp\/v2\/pages\/368\/revisions\/411"}],"wp:attachment":[{"href":"https:\/\/lalibelapatisserie.com\/index.php\/wp-json\/wp\/v2\/media?parent=368"}],"curies":[{"name":"wp","href":"https:\/\/api.w.org\/{rel}","templated":true}]}}